the first derivative of 0*b**2 + 0*b - 5/3*b**3 + 1/4*b**4 - 9. Give c(v).
0
Let r(l) = -l**2 - 6*l - 4. Let c be r(-5). Let s(k) = 16*k**3 - k**2 + k - 1. Determine s(c).
15
Let u(t) = 3 - 7*t + 3*t + 3 + 0. Let m be u(4). Let d = 8 + m. Let s(q) = q - 1. Calculate s(d).
-3
Let c(z) = -z**3 - 5*z**2 - 4*z + 3. Let n be c(-4). Suppose -2*f = -n*f + 7. Let q(t) = -t**2 + 8*t - 5. Determine q(f).
2
Let z(i) = -i**3 - 4*i**2 + 7*i + 2. Suppose -4*m + 4*n - 24 = 0, -4*m - 2 - 20 = -2*n. What is z(m)?
-8
Let i(f) be the third derivative of -f**5/60 - f**4/6 + 3*f**3/2 - 2*f**2. Let d(a) be the first derivative of i(a). Determine d(-3).
2
Let t(m) = 8*m - 12*m + 3*m**2 - m**3 + 9*m. Calculate t(4).
4
Suppose 3*h = -2*h + 10. Let r(z) be the first derivative of 1/2*z**2 + z - 1. Determine r(h).
3
Let t(s) = 3*s**2 + 3 + 4*s - s**3 - 4 + 0*s**3. Let p(n) = 4*n**3 + 14 + 12*n + 2*n**2 - 3*n**3 + 10*n**2. Let u be p(-11). Give t(u).
11
Let q(c) = -c - 1. Let x(g) = g + 1. Let w(f) = -3*q(f) - 5*x(f). What is w(-3)?
4
Let y(a) be the first derivative of a**3/3 - 2*a**2 - a - 2. Let h be y(5). Let c(v) = -4 - v + h. Give c(3).
-3
Let t(l) be the third derivative of -l**6/120 - l**5/12 + l**4/12 + 7*l**3/6 + l**2. Let g be -7 + 8/20*5. Determine t(g).
-3
Let d(v) = -6*v**3 + 2*v - 1. Let a = -1 - -3. Let f be (a/(-6))/(1/(-21)). Let i be f/9 + 4/18. Determine d(i).
-5
Let w(d) = -8*d**2 + 3*d - 7. Let h(r) = -15*r**2 + 6*r - 13. Let i(b) = 6*h(b) - 11*w(b). Let y(g) = g**3 - 2*g**2 - 3*g + 3. Let l be y(3). What is i(l)?
-10
Let f = -22 + 18. Let v(m) = -2*m - 5. Let o(h) = 3*h + 6. Let n(a) = -3*o(a) - 4*v(a). Calculate n(f).
6
Let y(p) = -4*p + 3. Let s be (-6)/3 + 0 + 2. Let t = s - -2. Give y(t).
-5
Let b(w) be the third derivative of -2*w**2 + 1/8*w**4 + 0*w**3 + 1/60*w**5 + 0 + 0*w + 1/720*w**6. Let a(c) be the second derivative of b(c). Calculate a(3).
5
Let z(x) be the second derivative of -3*x + 1/3*x**3 + 0 - 5/12*x**4 + 1/2*x**2. Let v(o) = -o - 1. Let b be v(0). Determine z(b).
-6
Let f(z) be the second derivative of z**2 + 0 + 4*z + 1/6*z**3. What is f(-1)?
1
Let y(r) be the second derivative of -r**5/10 - r**4/12 - r**3/3 + r**2/2 - 35*r. Determine y(-2).
17
Let l = -145 - -145. Let o(u) be the third derivative of 1/60*u**5 + 0 - 1/24*u**4 - 1/6*u**3 + l*u - 1/120*u**6 + 3*u**2. Calculate o(2).
-7
Suppose 6 = 2*y + p, 7 = 5*y + 2*p - 9. Let b(g) = -666*g - 100*g**2 + 6 + 663*g + 101*g**2. Calculate b(y).
10
Let i(p) = p**2 - 2*p. Let g(y) = -y - 5. Suppose 4 = -3*h - h, -2*n - h = -27. Suppose -3*r + 5*r + n = 0. Let d be g(r). Calculate i(d).
0
Suppose 26 = 3*c + 5*v + 9, 5 = 2*c - 3*v. Suppose 2*r + 18 = 4*o, 0 = 2*r + 3*r + 25. Suppose -o*b + c = 14. Let m(j) = -j - 6. What is m(b)?
-1
Let c(p) = -p**2 + 1. Suppose 0 = -4*l + 20, -3*f = -2*l + 5*l - 21. What is c(f)?
-3
Let v(c) be the third derivative of c**5/60 - c**4/24 + 2*c**3/3 - 16*c**2. What is v(0)?
4
Let p(k) = -5*k + 7. Let m(g) = 4*g - 6. Let r be 21/(-4) + 1/4. Let y(a) = r*p(a) - 6*m(a). Determine y(3).
4
Let n(d) be the first derivative of -d**2/2 - 2*d + 7. Determine n(0).
-2
Let i(o) be the second derivative of o**4/12 + 3*o**3/2 + 6*o**2 + o. Let c be i(-8). Let v(f) = 2*f**2 - 6*f + 3. Determine v(c).
11
Suppose 8*z - 6 = 7*z. Let i(m) = -m**3 + 7*m**2 - 6*m + 4. Give i(z).
4
Let g = -3 - 2. Let y be -1 + -1 - (g - 2). Let r(b) = -2*b + 2*b + b**2 - y*b**2 - 1. Give r(1).
-5
Suppose 4*z + 0*w + 2*w = 14, z + 19 = -5*w. Let m(g) = g**2 - 3*g - 8. Calculate m(z).
10
Suppose 2*y + 3*z + 12 = 0, 20 = -y + 5*y - 5*z. Suppose y = 4*u - 4. Let v = -3 - u. Let o(q) = -q**2 - 4*q + 3. What is o(v)?
3
Let m be (-10)/(-25) + 34/(-10). Let d(t) = 2*t**2 + 8*t. Suppose 3*i - i = -6. Let y(q) = 4*q**2 + 15*q + 1. Let o(v) = i*y(v) + 5*d(v). Calculate o(m).
-6
Let h(a) = -a + 1. Let m(b) = -b**2 + 7*b - 4. Let i(g) = -6*h(g) - m(g). Let s(v) = v**2 - 3*v + 4. Let u be s(3). Calculate i(u).
10
Suppose 33 = 5*w + 3. Let i(m) be the first derivative of -m**2/2 + m + 3. Give i(w).
-5
Let y(k) be the third derivative of -4*k**5/15 - 44*k**2. Calculate y(1).
-16
Let n(f) = 6*f - 1. Let u be n(2). Let i = u - 8. Let m(l) = -l - i*l**2 + 6*l**2 - l**2 + 5 - 3*l**2. What is m(-4)?
-7
Let k(u) be the second derivative of -u**7/840 + u**6/60 + 3*u**5/40 - 3*u**4/8 - 4*u**3/3 + 2*u. Let s(c) be the second derivative of k(c). Determine s(7).
5
Let p(c) = -c + 10. Let m be p(12). Let o(w) = -2*w - 3. What is o(m)?
1
Let r(k) = 3 + 4*k + 6 - 4 + k**2 - 14*k. Let j be r(9). Let p(u) = -u**3 - 5*u**2 - 5*u - 1. Determine p(j).
3
Suppose 31*m - 6 = 29*m. Let f(v) = 0*v - 4 - 2 - v + m. Determine f(-7).
4
Let t be -1 + 2 - (-3 + 0). Let x(i) = -2*i**2 + 7*i - i - t + i**2 + 1. Calculate x(5).
2
Suppose 3*b + b = 16. Let c(j) = b + 7*j**2 - 5*j**2 - j**2 - 6*j. Give c(4).
-4
Suppose 4*t - 16 = -0. Let u(i) be the second derivative of -i**3/2 + 5*i**2/2 - 4*i. Determine u(t).
-7
Let x(a) = -10*a - 2*a**2 + 3*a**2 - 18 + 28 + 1. Calculate x(9).
2
Let s be (1/2)/(1/4). Let a(g) = 6 - 10 - 1 - g**s - 4*g. Let r be a(-4). Let q(o) = o**2 + 5*o + 1. Determine q(r).
1
Suppose i - 3 = -0. Let x(f) = f**2 - 13*f - 3. Let s(v) = -v**2 + 7*v + 2. Let b(t) = i*x(t) + 5*s(t). Calculate b(-3).
-5
Let a(h) = -2*h**3 + 2*h**2 - h - 2. Let d be (-1)/3 - 56/(-24). Give a(d).
-12
Let o(u) = u**2 + u + 1. Suppose 9*a = 8*a - 1. Give o(a).
1
Let b(a) be the third derivative of 1/3*a**4 + 0 + 0*a + 1/6*a**3 + 10*a**2. Calculate b(-1).
-7
Let a(x) = 7*x**3 + 17*x**2 + 10*x + 7. Let w(i) = -11*i**3 - 26*i**2 - 15*i - 10. Let s(q) = -8*a(q) - 5*w(q). Determine s(-5).
-6
Let k(f) = f**3 - 6*f**2 + 6*f - 7. Let q be k(5). Let y(a) = -a + 11. Let c be y(9). Let r(n) = 2 - c*n + 8*n - 3*n. Determine r(q).
-4
Let h(p) = -p + 17. Suppose 0 = -3*k + 3 + 30. Calculate h(k).
6
Let g be 2 - 10/25*(2 + 8). Let b(i) = -i**2 + 2*i + 1 - 3*i + 0. Determine b(g).
-1
Suppose -b + 4*x + 0*x + 6 = 0, -2 = -3*b - 4*x. Let u(s) be the first derivative of -2*s + 5/2*s**2 - 1/3*s**3 + b. Give u(2).
4
Let g = -96 - -95. Let b(d) = 2*d**2 - d - 1. Give b(g).
2
Let f = -14 - -9. Let w(q) = q**3 + 4*q**2 - 5*q - 4. Give w(f).
-4
Let i = -7 + 11. Let r(n) = -3 + 2*n - i + 2 - 2. Calculate r(5).
3
Suppose 0 = i - 2*i + 2. Let l(x) = -4*x**2 + x + 2*x**i + x**2. Suppose -5*m - 29 = 2*c, 2*c - 6*m = -2*m + 16. Determine l(c).
-6
Let m(t) = 5*t**2 + 8*t - 6. Let f(l) = 6*l**2 + 8*l - 6. Let c(y) = 6*f(y) - 7*m(y). Let d be c(7). Let q(a) = -a**2 + 1. Calculate q(d).
0
Suppose -12*p + 48 = -4*p. Let t(m) = m**2 - 4*m - 8. Give t(p).
4
Let w = 6 - 4. Let l = w - 1. Let f(x) = -7*x**3 - x. Calculate f(l).
-8
Let s be (-3)/1*39/9. Let n = 18 + s. Let f(y) = 3*y - 6. Calculate f(n).
9
Let m(v) = 3*v - 6. Let n = 15 - 5. Let p = -5 + n. Determine m(p).
9
Suppose -15 = 3*l, l + 5 + 8 = 2*c. Let g(n) = -n**2 + 7*n - 3. Determine g(c).
9
Let d be (2/(-6))/(2/(-78)). Suppose -y = -2*r + 11, r + y - d = -3*r. Let x(s) = s**2 + 2 + 0 + r*s + 2*s + 1. Determine x(-6).
3
Let z(c) = c**2 - 7*c + 5. Let f be z(7). Let v(q) = 2*q**2 + 9*q - 1. Let p(b) = -3*b**2 - 10*b + 2. Let t(s) = 3*p(s) + 4*v(s). What is t(f)?
7
Let z(r) be the second derivative of -r**5/60 - r**4/8 - r**3/3 - 2*r. Let l(j) be the second derivative of z(j). Give l(-5).
7
Let f(l) = -5*l**3 + 5*l**2 + 10*l - 10. Let m(y) = -y**3 + y - 1. Let x(j) = -f(j) + 6*m(j). Let q = 40 - 44. Determine x(q).
4
Let v(s) = -8*s**2 + 2*s - 1. Suppose 3*p + p - 4 = 0. Determine v(p).
-7
Let q = 89 - 85. Let g(s) be the third derivative of 1/6*s**3 - 7/24*s**q + 4*s**2 + 0*s + 0. What is g(-1)?
8
Let m(k) be the second derivative of -2*k**2 + 1/6*k**3 + 0 - 2*k. Give m(-3).
-7
Let i(l) = 3*l**2 - 6*l**2 - 2 + 4*l**2 + l. Determine i(0).
-2
Let f(w) = -w + 6. Let o be f(6). Let x(k) = -k**2 + k**3 + 2*k**2 + 2*k - k + 3. Determine x(o).
3
Let g(u) be the third derivative of 0*u + 1/120*u**6 - 1/10*u**5 - 1/3*u**3 + 2*u**2 + 0 + 1/24*u**4. What is g(6)?
4
Let z(l) = l + 4*l - 6*l. Let d(q) = -q**2 - 2*q + 9*q + 2 + 3 + 1. Let h be d(8). Give z(h).
2
Let o(s) = 2*s - 1. Let h(i) = -i**2 + i - 2. Let p be h(1). Give o(p).
-5
Let t(h) = 7*h**3 + 11*h**2 + 3*h + 13. Let u(s) = 3*s**3 + 5*s**2 + s + 6. Let b(a) = -2*t(a) + 5